et y(m) be the first derivative of 11*m**2/2 + 3*m + 11. Let c(w) = -23*w - 7. Let t(d) = -6*c(d) - 13*y(d). What is t(2)?
-7
Let r(h) = 99*h**2 - 188*h**2 - 2*h + 88*h**2. What is r(-4)?
-8
Let d(w) = -w**3 + w**2 + 5*w. Let u(k) = 9*k - 32. Let j be (-10)/(-2) + -2 + 1. Let y be u(j). Calculate d(y).
-28
Let y(j) be the first derivative of j**5/60 - j**4/6 - j**3/3 - 6*j**2 + 2. Let o(p) be the second derivative of y(p). What is o(4)?
-2
Suppose -5*v + 4*g - 6*g = 17, 3*v + 23 = 2*g. Let z be (-3)/(-36)*-2*-6. Let a(w) = -4 - z + 2 - 2*w + 0*w. Give a(v).
7
Let s be 0*(-1)/(-2) - (20 - 30). Let d(b) = -b + 3. Determine d(s).
-7
Let f(u) = -u**2 + 966 - 1924 + 969 + 5*u. What is f(8)?
-13
Let n = 2 + 1. Suppose 186*d = 189*d - 3. Let h(t) = -d + n*t + 6 - 4 - t. Calculate h(-2).
-3
Let c(f) = 4*f**3 - 5*f**2 + 5. Let n(r) = 5*r**3 - 5*r**2 + r + 6. Let q(j) = -6*c(j) + 5*n(j). What is q(-4)?
-4
Let z(f) = 11*f**2 + 21*f - 21. Let y(r) = 5*r**2 + 10*r - 10. Let l(c) = 13*y(c) - 6*z(c). Let b be l(1). Let j(k) = -15*k**3 - k**2 - 2*k - 1. What is j(b)?
15
Let x(v) = -v**2 - 2*v - 4. Let l(b) = -b**2 - 2*b - 5. Let d(w) = 5*l(w) - 6*x(w). Suppose 2*o - 6 = -2*y - 2, -4*o = -2*y - 14. Let h = y - 2. Determine d(h).
2
Let p(o) = 4 - 8 - 4*o + 0*o - o. Give p(-3).
11
Let z(c) = -2*c**2 + 40*c - 27. Let u be z(19). Let r(j) = 12 + u - 25 + 3*j**2 + 2*j. Determine r(-2).
6
Let g(t) be the first derivative of -t**4/4 - 11*t**3/3 - 3*t**2/2 + 4*t + 683. Give g(-11).
37
Let o(v) = 10 - v + 15*v**3 + 17*v**3 - 9*v**2 - 31*v**3. Give o(9).
1
Let k = 312 + -319. Let x(z) = z**2 + 8*z + 7. Calculate x(k).
0
Let j(o) be the second derivative of o**6/360 - o**5/60 - o**4/8 + 17*o**3/3 + 15*o. Let t(q) be the second derivative of j(q). Calculate t(4).
5
Suppose -33 - 7 = -8*u. Let z(y) = -3 - y + u - 6. What is z(0)?
-4
Let x(w) be the third derivative of -w**4/24 - w**3 + 5*w**2 + 3. Give x(-3).
-3
Let n(t) = -t - 3. Suppose j = 6*j + 30. Let x be n(j). Let c(u) = -3*u + 6*u**3 + 4 + 3*u**2 - 3 - 2 - 5*u**x. Give c(-4).
-5
Let b be (-40)/(-12)*(-6)/(-5)*3. Suppose 3*y + 0*y + b = 0. Let f(u) = 5*u + 6. Determine f(y).
-14
Let c(j) be the third derivative of j**5/60 + j**4/12 - 7*j**3/6 - 14*j**2. What is c(3)?
8
Let k = 75 - 80. Let n(f) = 8*f + 12*f - 4 - 1 - 22*f. Calculate n(k).
5
Let s(v) = 2*v + 1. Let q be -25*-1*(-1 - -2). Suppose -3 - 2 = -2*w + c, 2*w - 5*c - q = 0. Let j(x) = -x - 3. Let l be j(w). Determine s(l).
-5
Let d(v) be the third derivative of 0 - 5/6*v**3 - 7*v**2 + 0*v + 0*v**4 + 1/60*v**5. Give d(0).
-5
Let p be ((-4)/4)/((-4)/24). Let b be (60/18)/(p/(-9)). Let u(y) = y**2 + 4*y + 4. What is u(b)?
9
Let l(t) = t**2 - 6*t + 10. Let r(v) = -v**2 + 5*v - 11. Let o(w) = 4*l(w) + 3*r(w). What is o(5)?
-13
Let u(d) = d**2 + 6*d - 3. Let t(b) = -b**2 + 15*b - 13. Let q be t(13). Suppose q*a = 14*a + 3. Calculate u(a).
-12
Let z(s) be the second derivative of 1/120*s**5 + 0*s**2 - 1/120*s**6 - 11*s + 0*s**3 - 3/4*s**4 + 0. Let f(h) be the third derivative of z(h). Calculate f(1).
-5
Let b = -5 + 8. Let y(d) = -5*d**2 + 5 - d**b + 3*d**2 - 3*d**2 - 6. What is y(-5)?
-1
Let y(m) = m**2 - 8*m. Let t = -89 + 96. Determine y(t).
-7
Let n(p) = -2*p**2 + 16*p - 7. Let r be n(9). Let m = r + 18. Let h(x) = -x**3 - 8*x**2 - 8*x - 10. Calculate h(m).
-3
Let i(q) = 2*q + 1. Let z(j) = -j**2 - 5*j + 3. Let h be z(-5). Suppose h*n - 3 - 42 = 0. Suppose n = -3*m - 0*m, g - 19 = 3*m. What is i(g)?
9
Suppose 0 = -x - 4*n - 12, x + 1 = n + 4. Suppose x*r = -3*r. Let s(f) be the second derivative of f**4/12 - f**2 + 83*f. Determine s(r).
-2
Let a(p) be the second derivative of -p**4/12 + 2*p**3/3 + 2*p**2 - 32*p. Let u(j) = -j**3 + 6*j**2 - 3*j - 2. Let b be u(5). Suppose 2*q = b + 4. Give a(q).
-8
Let t(n) = n - 16. Suppose -84*m = -33*m - 1173. Give t(m).
7
Let b(s) = -9*s**3 - s**2 + s + 1. Suppose -8 = -2*a - 24. Let f = a + 6. Let p be 1 - (2 - 2 - f). What is b(p)?
8
Let y(h) be the first derivative of -1/2*h**2 - 15 - 19/4*h**4 + 0*h**3 + 0*h. Determine y(-1).
20
Let c(l) = -13 - 12*l**2 - 9*l**2 + 8*l - 13*l**2 + 36*l**2 - l**2. Give c(2).
7
Suppose 20 = -2*u + 10. Let j(a) = a**3 + 6*a**2 + 4*a - 4. What is j(u)?
1
Suppose -479 = 5*p - 204. Let x = -82 - p. Let w = x + 29. Let r(u) = -u - 2. Calculate r(w).
-4
Suppose -5*m + 12 = -8*m. Let g be (84/m - -2)/(-1). Suppose -5*q = 3*x - g, -3*x + 2*q - 26 = -2*q. Let w(v) = 3*v**3 + 3*v**2 - v - 2. Give w(x).
-12
Let x(j) = 11*j - 63. Let r be x(6). Let p(q) be the third derivative of 1/12*q**5 + 0*q - 1/2*q**r - 1/120*q**6 - 5*q**2 + 1/4*q**4 + 0. Calculate p(6).
-3
Let l(h) = -h - 6. Suppose 4*m + 4*s - 20 = 0, 0*s + 9 = 3*m + s. Let k be m/(6/(-9)) - -3. Suppose -2*u = -k*u. Determine l(u).
-6
Let d(j) = 4*j + 4. Let b(n) = -n + 12. Let o(f) = f**2 + f. Let c(r) = b(r) - o(r). Let t be c(3). Calculate d(t).
-8
Let h = 465 + -462. Let y(v) = -v**2 + 3*v - 3. Give y(h).
-3
Let v(n) = 67*n + 4 + 69*n + 69*n - 273*n + 72*n. Determine v(1).
8
Let f(a) = 30*a - 5 + 40*a - 66*a. What is f(-4)?
-21
Let v(a) = 935*a + 4*a**2 + 6 - 5*a**2 - 944*a. Calculate v(-7).
20
Let d(h) = -h**3 - 6*h**2 - 3*h - 2. Suppose -139 + 59 = -2*s. Let c = s + -46. Calculate d(c).
16
Let h be 2/(-6)*(-2 + 3)*-12. Let k(l) = -2*l**3 + 3*l**2 - 5*l + 13. Let g(d) = -d**3 + d**2 - 2*d + 7. Let y(j) = -7*g(j) + 4*k(j). Calculate y(h).
-5
Let n(s) = 2*s - 1. Let z(i) = i**3 + 19*i**2 - 22*i - 36. Let y be z(-20). What is n(y)?
7
Let m(c) be the first derivative of 3*c**2 - 10*c + 464. Give m(5).
20
Let w(q) = q**3 - 3*q**2 - 4*q - 2. Let c = 1764 + -1765. Determine w(c).
-2
Let s(y) = -2 - 106*y + 239*y - 134*y. What is s(17)?
-19
Suppose -6*w + 5*w = 4. Let u(f) = 2*f + 0*f**2 - 2 - 8*f - f**2. Give u(w).
6
Let a(j) = j + 8. Suppose 4*l - 9*l = 5. Let s be l*((-5)/2)/(3/(-6)). What is a(s)?
3
Let k(q) be the first derivative of q**4/4 + q**3/3 + q**2/2 - 13*q - 34. Let z = -2 - -4. Suppose j + z*j = 0. Give k(j).
-13
Let j(d) = -4*d - 3 + 4*d + 5 + 3*d. Suppose 0*c = 5*a + 5*c - 10, a + 18 = 3*c. Give j(a).
-7
Let h(g) = -g + 15. Let p be h(13). Let s(l) = 2*l**3 + 0*l - 3*l**3 + p*l + 3*l**2 + 3. Let c be (-10)/(-25)*(1 - -9). Calculate s(c).
-5
Let u be (-24)/15*(-25)/10. Let f(d) = 18*d + 14*d - 33*d - u*d**2. Let r(o) = -o**3 + 2*o**2 + 4*o - 2. Let s be r(3). What is f(s)?
-5
Let q(n) be the first derivative of 5*n**3/3 + 63. Suppose 0 = -3*r - 0*r, 1 = -x - 2*r. Determine q(x).
5
Let q(c) be the second derivative of -c**5/20 + c**4/2 + c**3/6 - 7*c**2 + 2*c - 392. Calculate q(5).
16
Suppose -262*p + 10 = -263*p. Let o(r) = 4*r + 24. Determine o(p).
-16
Let z be (-1*2)/((-2)/(-5)). Let r(v) = 2*v + 12. Let s = -96 + 92. Let a(p) = p + 7. Let g(i) = s*r(i) + 7*a(i). Determine g(z).
6
Let b(v) = -11*v + 10. Let w be (510/153)/((-10)/(-12)). Determine b(w).
-34
Let f(c) = c**3 + 5*c**2 - 5*c + 4. Let r = -7 + 11. Let h(o) = -5*o + 2. Let p be h(r). Let t = 12 + p. Give f(t).
-2
Let h(a) be the first derivative of -a**3/3 - 3*a**2 - 5*a - 3. Suppose -15 = 8*k + 17. Calculate h(k).
3
Suppose -34 = 9*c + 65. Let m(h) = h + 9. Give m(c).
-2
Let f = -22 - -24. Let p(l) = 0 + 6*l**2 - 8*l**2 - f - 4*l. Suppose -4*k + 6 = -7*k. What is p(k)?
-2
Suppose -2*a = -w + 4, -3*a - 9 + 3 = 0. Let x(l) = -21 + l**3 + 3 - 4 - 3 + 10. Determine x(w).
-15
Let w(p) be the third derivative of p**4/12 - p**3/2 + p**2. Let f be (3 + 32/(-12))/((-4)/(-12)). Let u be (-2 - -3) + 1/f. Determine w(u).
1
Let a = 71/195 - 2/65. Let d(p) be the second derivative of a*p**3 + 0 + 2*p**2 - 6*p. What is d(-6)?
-8
Let a(l) = 3*l - 16. Let f(q) = -q + 5. Let v(i) = 2*a(i) + 7*f(i). Suppose 51*r - 50*r = 4*o + 16, -4*o - 20 = -2*r. What is v(r)?
-1
Let z(a) = 33*a**2 + 30*a**2 - 64*a**2 + 5 - 2*a + 4 - 5*a. Give z(-8).
1
Let b(s) = -10*s**2 - 23*s**2 + 2 + 35*s**2. Calculate b(2).
10
Let u(y) be the third derivative of -y**6/120 - y**5/60 - 7*y**4/24 - 16*y**2. Let f(s) be the second derivative of u(s). Calculate f(-3).
16
Let i(d) = -d**2 - 9*d - 4. Let h(u) = 3*u**2 + 28*u + 15. Let t(g) = 3*h(g) + 8*i(g). What is t(-10)?
-7
Let h be 6/27 + (-762)/27. Let d be (-6)/(-21) - 48/h. Suppose 2*n + d*n = 0. Let o(x) = -x - 6. Determine o(n).
-6
Let g(z) = -z. Let l(i) = 